me factors of 471218297?
11, 19, 1301, 1733
What are the prime factors of 4398134?
2, 13, 169159
List the prime factors of 39237098.
2, 397, 49417
What are the prime factors of 95159316?
2, 3, 7, 283, 4003
List the prime factors of 53761151.
443, 121357
List the prime factors of 71844748.
2, 17961187
List the prime factors of 20891904.
2, 3, 11, 2473
What are the prime factors of 190520828?
2, 19, 127, 19739
List the prime factors of 1828361.
1828361
List the prime factors of 600413430.
2, 3, 5, 37, 41, 79, 167
What are the prime factors of 382347966?
2, 3, 7, 11, 13, 59, 83
List the prime factors of 9817887.
3, 3272629
What are the prime factors of 43572488?
2, 23, 236807
List the prime factors of 6879736779.
3, 2213, 1036261
What are the prime factors of 350146426?
2, 7, 31, 806789
List the prime factors of 172793880.
2, 3, 5, 7, 191, 359
What are the prime factors of 1371279468?
2, 3, 13, 1787, 4919
List the prime factors of 1719332954.
2, 97, 8862541
List the prime factors of 5991989.
5991989
What are the prime factors of 44705093?
44705093
List the prime factors of 517992391.
7, 149, 197, 2521
What are the prime factors of 444940984?
2, 37, 659, 2281
What are the prime factors of 160034846?
2, 1621, 49363
What are the prime factors of 1246011846?
2, 3, 139, 1494019
List the prime factors of 3615821.
11, 191, 1721
List the prime factors of 77122034.
2, 11, 3505547
What are the prime factors of 45904086?
2, 3, 61, 97, 431
List the prime factors of 874598094.
2, 3, 2833, 5717
What are the prime factors of 701398569?
3, 1487, 157229
List the prime factors of 1191346296.
2, 3, 7, 53, 67, 1997
List the prime factors of 3882595542.
2, 3, 7, 92442751
List the prime factors of 478208308.
2, 119552077
List the prime factors of 88300256.
2, 11, 250853
What are the prime factors of 605837776?
2, 37864861
What are the prime factors of 33945482?
2, 16972741
List the prime factors of 2493133751.
337, 7398023
List the prime factors of 497934652.
2, 124483663
What are the prime factors of 227714588?
2, 56928647
List the prime factors of 169623015.
3, 5, 439, 25759
What are the prime factors of 703204253?
18913, 37181
What are the prime factors of 189400365?
3, 5, 7, 11, 47, 1163
What are the prime factors of 22405988?
2, 11, 509227
List the prime factors of 557136094.
2, 197, 367, 3853
What are the prime factors of 147994802?
2, 439, 168559
What are the prime factors of 179233184?
2, 13, 47, 89, 103
What are the prime factors of 69536496?
2, 3, 283, 5119
List the prime factors of 356881996.
2, 3229, 27631
What are the prime factors of 71323876?
2, 13, 29, 47297
List the prime factors of 57924367.
57924367
What are the prime factors of 20118968?
2, 457, 5503
What are the prime factors of 484958519?
23, 37, 569869
What are the prime factors of 600542763?
3, 1117, 179213
What are the prime factors of 386309440?
2, 5, 11, 907
What are the prime factors of 636506630?
2, 5, 63650663
List the prime factors of 1212422783.
11, 13, 770771
What are the prime factors of 183236725?
5, 7, 101, 1481
What are the prime factors of 1137291867?
3, 2087, 20183
What are the prime factors of 586321834?
2, 7, 71, 589861
What are the prime factors of 43426927?
89, 487943
What are the prime factors of 398145?
3, 5, 11, 19, 127
What are the prime factors of 251720602?
2, 7, 23, 781741
What are the prime factors of 6964582?
2, 29, 120079
List the prime factors of 2875555395.
3, 5, 449, 142319
List the prime factors of 2814677873.
7, 402096839
What are the prime factors of 1128848970?
2, 3, 5, 23, 83, 857
What are the prime factors of 589613770?
2, 5, 58961377
List the prime factors of 27478793.
479, 57367
What are the prime factors of 320777591?
1709, 187699
What are the prime factors of 16762458?
2, 3, 167, 16729
What are the prime factors of 399972816?
2, 3, 308621
List the prime factors of 2019335288.
2, 31, 139, 58579
List the prime factors of 400272248.
2, 31, 1614001
List the prime factors of 455398132.
2, 7, 2909, 5591
What are the prime factors of 282847000?
2, 5, 282847
List the prime factors of 12536127.
3, 23, 2243
What are the prime factors of 65653364?
2, 7, 367, 6389
What are the prime factors of 5545587830?
2, 5, 31, 17888993
What are the prime factors of 661729876?
2, 165432469
What are the prime factors of 22478313?
3, 11, 13, 151, 347
List the prime factors of 3299380.
2, 5, 7, 23567
List the prime factors of 1028671071.
3, 17, 20170021
List the prime factors of 11630758.
2, 5815379
What are the prime factors of 2601019673?
7, 37, 641, 15667
List the prime factors of 70777844.
2, 241, 73421
What are the prime factors of 51284970?
2, 3, 5, 11, 51803
List the prime factors of 326034144.
2, 3, 1132063
What are the prime factors of 1073626915?
5, 214725383
What are the prime factors of 830466610?
2, 5, 1847, 44963
What are the prime factors of 462517617?
3, 127, 137, 8861
What are the prime factors of 68403641?
461, 148381
List the prime factors of 32549686.
2, 13, 1251911
What are the prime factors of 87648755?
5, 17529751
List the prime factors of 4813319229.
3, 19, 137, 239, 2579
List the prime factors of 17536337.
7, 13, 107, 1801
List the prime factors of 359027477.
19, 18896183
List the prime factors of 169914205.
5, 131, 259411
List the prime factors of 386001477.
3, 14296351
List the prime factors of 73758798.
2, 3, 19, 11351
What are the prime factors of 3782554?
2, 1891277
List the prime factors of 218300697.
3, 1531, 5281
What are the prime factors of 43356352?
2, 13, 31, 41
List the prime factors of 108135363.
3, 7, 5149303
List the prime factors of 303632643.
3, 47, 443, 4861
List the prime factors of 29293068.
2, 3, 7, 241, 1447
What are the prime factors of 626506410?
2, 3, 5, 83, 251609
List the prime factors of 17929909.
83, 216023
What are the prime factors of 126743679?
3, 131, 193, 557
List the prime factors of 3291349841.
13, 19, 23, 593, 977
List the prime factors of 818700328.
2, 31, 53, 199, 313
List the prime factors of 7345314.
2, 3, 37, 41, 269
What are the prime factors of 38556227?
383, 100669
List the prime factors of 51107453.
51107453
What are the prime factors of 36744233?
19, 139, 13913
What are the prime factors of 50596018?
2, 11, 137, 16787
List the prime factors of 3214203434.
2, 13, 1123, 110083
List the prime factors of 124427848.
2, 787, 19763
List the prime factors of 1870809323.
1870809323
What are the prime factors of 80543763?
3, 101, 88607
What are the prime factors of 14325901?
3767, 3803
List the prime factors of 3935949153.
3, 47, 27914533
What are the prime factors of 1642155795?
3, 5, 7, 47, 36973
What are the prime factors of 742515766?
2, 17, 419, 52121
What are the prime factors of 105777856?
2, 83, 19913
List the prime factors of 186965172.
2, 3, 97, 661
List the prime factors of 621657599.
19, 463, 70667
List the prime factors of 155434586.
2, 3373, 23041
List the prime factors of 2411347899.
3, 23, 73, 478727
What are the prime factors of 1696488706?
2, 11, 77113123
List the prime factors of 1605925541.
11, 37, 127, 31069
What are the prime factors of 30161836?
2, 7540459
List the prime factors of 226636357.
226636357
List the prime factors of 2428464128.
2, 937, 2531
What are the prime factors of 6623154225?
3, 5, 47, 761, 823
List the prime factors of 34216656.
2, 3, 712847
What are the prime factors of 550254957?
3, 7, 53, 70627
List the prime factors of 63279618.
2, 3, 31, 521, 653
What are the prime factors of 461861868?
2, 3, 13, 2960653
List the prime factors of 39464690.
2, 5, 3946469
What are the prime factors of 1216771?
43, 28297
List the prime factors of 472377264.
2, 3, 9841193
What are the prime factors of 28034491?
28034491
List the prime factors of 1966111393.
19, 349, 296503
What are the prime factors of 3594768967?
151, 23806417
What are the prime factors of 149442502?
2, 11, 617531
List the prime factors of 61193540.
2, 5, 17, 179981
What are the prime factors of 64029075?
3, 5, 11, 77611
What are the prime factors of 3745043657?
33703, 111119
List the prime factors of 477690729.
3, 3631, 43853
List the prime factors of 222829142.
2, 73, 1526227
What are the prime factors of 1782169121?
37, 1867, 25799
What are the prime factors of 246199234?
2, 79, 1558223
What are the prime factors of 7